Καταγραφές τύπου NOAA
2024: Ιανουάριος|Φεβρουάριος|Μάρτιος|Απρίλιος|Μάϊος|Ιούνιος|Ιούλιος|Αύγουστος|Σεπτέμβριος|Οκτώβριος|Νοέμβριος|Δεκέμβριος
2023: Ιανουάριος|Φεβρουάριος|Μάρτιος|Απρίλιος|Μάϊος|Ιούνιος|Ιούλιος|Αύγουστος|Σεπτέμβριος|Οκτώβριος|Νοέμβριος|Δεκέμβριος
2022: Ιανουάριος|Φεβρουάριος|Μάρτιος|Απρίλιος|Μάϊος|Ιούνιος|Ιούλιος|Αύγουστος|Σεπτέμβριος|Οκτώβριος|Νοέμβριος|Δεκέμβριος
2021: Ιανουάριος|Φεβρουάριος|Μάρτιος|Απρίλιος|Μάϊος|Ιούνιος|Ιούλιος|Αύγουστος|Σεπτέμβριος|Οκτώβριος|Νοέμβριος|Δεκέμβριος
2020: Ιανουάριος|Φεβρουάριος|Μάρτιος|Απρίλιος|Μάϊος|Ιούνιος|Ιούλιος|Αύγουστος|Σεπτέμβριος|Οκτώβριος|Νοέμβριος|Δεκέμβριος
2019: Ιανουάριος|Φεβρουάριος|Μάρτιος|Απρίλιος|Μάϊος|Ιούνιος|Ιούλιος|Αύγουστος|Σεπτέμβριος|Οκτώβριος|Νοέμβριος|Δεκέμβριος
2018: Ιανουάριος|Φεβρουάριος|Μάρτιος|Απρίλιος|Μάϊος|Ιούνιος|Ιούλιος|Αύγουστος|Σεπτέμβριος|Οκτώβριος|Νοέμβριος|Δεκέμβριος
2017: Ιανουάριος|Φεβρουάριος|Μάρτιος|Απρίλιος|Μάϊος|Ιούνιος|Ιούλιος|Αύγουστος|Σεπτέμβριος|Οκτώβριος|Νοέμβριος|Δεκέμβριος
2016: Ιανουάριος|Φεβρουάριος|Μάρτιος|Απρίλιος|Μάϊος|Ιούνιος|Ιούλιος|Αύγουστος|Σεπτέμβριος|Οκτώβριος|Νοέμβριος|Δεκέμβριος
2015: Ιανουάριος|Φεβρουάριος|Μάρτιος|Απρίλιος|Μάϊος|Ιούνιος|Ιούλιος|Αύγουστος|Σεπτέμβριος|Οκτώβριος|Νοέμβριος|Δεκέμβριος
2014: Ιανουάριος|Φεβρουάριος|Μάρτιος|Απρίλιος|Μάϊος|Ιούνιος|Ιούλιος|Αύγουστος|Σεπτέμβριος|Οκτώβριος|Νοέμβριος|Δεκέμβριος
2013: Ιανουάριος|Φεβρουάριος|Μάρτιος|Απρίλιος|Μάϊος|Ιούνιος|Ιούλιος|Αύγουστος|Σεπτέμβριος|Οκτώβριος|Νοέμβριος|Δεκέμβριος
2012: Ιανουάριος|Φεβρουάριος|Μάρτιος|Απρίλιος|Μάϊος|Ιούνιος|Ιούλιος|Αύγουστος|Σεπτέμβριος|Οκτώβριος|Νοέμβριος|Δεκέμβριος
2011: Ιανουάριος|Φεβρουάριος|Μάρτιος|Απρίλιος|Μάϊος|Ιούνιος|Ιούλιος|Αύγουστος|Σεπτέμβριος|Οκτώβριος|Νοέμβριος|Δεκέμβριος
Καταγραφές τύπου NOAA για Ιούλιος 2023
MONTHLY CLIMATOLOGICAL SUMMARY for JUN. 2023
NAME: Katw Vlasia CITY: Katw Vlasia STATE: Achaia/Greece
ELEV: 773 m LAT: 38° 00' 35" N LONG: 21° 55' 34" E
TEMPERATURE (°C), RAIN (mm), WIND SPEED (km/hr)
HEAT COOL AVG
MEAN DEG DEG WIND DOM
DAY TEMP HIGH TIME LOW TIME DAYS DAYS RAIN SPEED HIGH TIME DIR
------------------------------------------------------------------------------------
1 15.8 24.3 16:10 10.8 3:00 3.3 0.8 0.2 0.2 19.3 16:30 SE
2 15.7 23.3 13:40 10.1 5:20 3.2 0.6 0.2 0.5 19.3 19:00 NNW
3 14.6 22.3 13:20 8.9 6:10 4.4 0.7 5.2 1.6 22.5 16:10 NW
4 15.5 23.1 13:50 8.4 7:10 4.0 1.2 0.4 1.1 22.5 15:00 NNW
5 17.6 24.7 17:00 11.3 6:40 2.5 1.8 0.0 0.6 17.7 11:30 NW
6 17.9 26.3 16:00 11.0 6:30 2.6 2.3 0.0 0.6 19.3 13:30 S
7 17.1 24.1 14:30 10.7 5:50 2.4 1.2 0.0 0.5 16.1 16:00 NW
8 17.7 22.3 13:20 14.0 00:00 1.5 0.8 0.0 0.3 12.9 15:10 NNW
9 18.0 24.1 15:10 11.9 6:50 2.2 1.8 0.0 3.2 30.6 16:10 NW
10 17.1 22.2 16:50 11.5 6:30 2.2 1.0 0.0 3.1 32.2 17:00 NW
11 16.7 22.9 13:50 11.7 3:50 2.7 1.1 20.4 1.8 37.0 16:00 NW
12 15.1 22.8 11:10 11.5 6:20 3.5 0.3 32.8 0.5 16.1 11:30 SSE
13 15.3 20.3 13:30 10.1 7:10 3.1 0.2 7.0 0.0 0.0 --- ---
14 16.3 24.2 13:10 11.4 6:10 2.9 0.8 7.4 0.0 17.7 16:20 NW
15 18.4 25.7 17:50 13.5 2:30 1.7 1.9 0.6 0.0 0.0 --- ---
16 17.5 21.7 15:40 14.3 23:50 1.3 0.5 0.2 0.3 27.4 15:40 NNW
17 15.3 18.7 15:50 13.1 1:00 3.0 0.0 36.4 0.0 19.3 14:50 NW
18 16.3 22.1 17:40 12.6 3:10 2.5 0.4 0.6 0.0 9.7 12:50 NNW
19 17.8 23.9 15:40 11.2 5:30 2.4 1.9 0.2 0.0 19.3 13:20 NNW
20 19.3 26.1 15:20 12.6 6:40 1.8 2.8 0.2 0.0 12.9 15:40 NNW
21 20.9 29.0 14:20 13.3 6:30 1.3 3.9 0.0 0.0 20.9 16:10 NNW
22 22.2 29.4 17:10 15.4 6:40 0.5 4.4 0.0 0.0 12.9 19:10 S
23 22.4 29.7 15:50 15.9 7:30 0.4 4.5 0.0 0.0 11.3 12:00 SSE
24 22.4 29.2 15:20 16.1 7:00 0.3 4.5 1.4 0.0 16.1 17:40 NW
25 18.7 29.2 14:20 14.4 23:00 1.5 1.9 16.8 0.3 32.2 14:50 SE
26 19.7 26.9 14:30 13.3 6:20 1.6 3.0 0.2 1.4 22.5 16:10 NW
27 19.7 26.4 14:10 15.2 6:30 0.9 2.3 1.8 0.5 16.1 12:50 NNW
28 19.9 25.3 14:30 14.4 6:20 1.0 2.7 0.4 3.4 27.4 16:50 NW
29 19.6 25.6 16:10 12.9 6:10 1.4 2.7 0.2 3.5 27.4 18:30 NW
30 19.7 25.7 14:40 14.0 6:10 1.1 2.5 0.2 2.4 25.7 16:40 NW
-------------------------------------------------------------------------------------
18.0 29.7 23 8.4 4 63.2 54.3 132.8 0.9 37.0 11 NW
Max >= 32.0: 0
Max <= 0.0: 0
Min <= 0.0: 0
Min <= -18.0: 0
Max Rain: 36.40 ON 17/06/23
Days of Rain: 21 (> .2 mm) 7 (> 2 mm) 3 (> 20 mm)
Heat Base: 18.3 Cool Base: 18.3 Method: Integration