Καταγραφές τύπου NOAA


2019: Ιανουάριος|Φεβρουάριος|Μάρτιος|Απρίλιος|Μάϊος|Ιούνιος|Ιούλιος|Αύγουστος|Σεπτέμβριος|Οκτώβριος|Νοέμβριος|Δεκέμβριος
2018: Ιανουάριος|Φεβρουάριος|Μάρτιος|Απρίλιος|Μάϊος|Ιούνιος|Ιούλιος|Αύγουστος|Σεπτέμβριος|Οκτώβριος|Νοέμβριος|Δεκέμβριος
2017: Ιανουάριος|Φεβρουάριος|Μάρτιος|Απρίλιος|Μάϊος|Ιούνιος|Ιούλιος|Αύγουστος|Σεπτέμβριος|Οκτώβριος|Νοέμβριος|Δεκέμβριος
2016: Ιανουάριος|Φεβρουάριος|Μάρτιος|Απρίλιος|Μάϊος|Ιούνιος|Ιούλιος|Αύγουστος|Σεπτέμβριος|Οκτώβριος|Νοέμβριος|Δεκέμβριος
2015: Ιανουάριος|Φεβρουάριος|Μάρτιος|Απρίλιος|Μάϊος|Ιούνιος|Ιούλιος|Αύγουστος|Σεπτέμβριος|Οκτώβριος|Νοέμβριος|Δεκέμβριος
2014: Ιανουάριος|Φεβρουάριος|Μάρτιος|Απρίλιος|Μάϊος|Ιούνιος|Ιούλιος|Αύγουστος|Σεπτέμβριος|Οκτώβριος|Νοέμβριος|Δεκέμβριος
2013: Ιανουάριος|Φεβρουάριος|Μάρτιος|Απρίλιος|Μάϊος|Ιούνιος|Ιούλιος|Αύγουστος|Σεπτέμβριος|Οκτώβριος|Νοέμβριος|Δεκέμβριος
2012: Ιανουάριος|Φεβρουάριος|Μάρτιος|Απρίλιος|Μάϊος|Ιούνιος|Ιούλιος|Αύγουστος|Σεπτέμβριος|Οκτώβριος|Νοέμβριος|Δεκέμβριος
2011: Ιανουάριος|Φεβρουάριος|Μάρτιος|Απρίλιος|Μάϊος|Ιούνιος|Ιούλιος|Αύγουστος|Σεπτέμβριος|Οκτώβριος|Νοέμβριος|Δεκέμβριος


Καταγραφές τύπου NOAA για Σεπτέμβριος 2011

MONTHLY CLIMATOLOGICAL SUMMARY for SEP. 2011 NAME: Katw Vlasia CITY: Katw Vlasia STATE: Achaia/Greece ELEV: 773 m LAT: 38° 00' 35" N LONG: 21° 55' 31" E TEMPERATURE (°C), RAIN (mm), WIND SPEED (km/hr) HEAT COOL AVG MEAN DEG DEG WIND DOM DAY TEMP HIGH TIME LOW TIME DAYS DAYS RAIN SPEED HIGH TIME DIR ------------------------------------------------------------------------------------ 1 19.1 27.6 14:23 12.0 6:43 2.3 3.0 0.2 2.7 24.1 14:53 ESE 2 20.6 28.5 15:44 13.8 6:58 1.3 3.5 0.0 3.1 24.1 16:45 NNW 3 21.3 30.7 14:31 15.3 6:57 0.9 3.8 0.6 2.4 30.6 17:30 ESE 4 21.5 29.5 17:04 15.2 7:12 0.7 3.9 0.0 1.1 17.7 15:37 E 5 22.1 29.7 15:22 16.4 7:39 0.4 4.2 0.0 2.1 20.9 15:42 NNW 6 21.9 28.7 13:55 16.1 7:19 0.4 4.0 0.0 3.1 27.4 17:16 NNW 7 18.3 25.6 12:43 15.2 23:58 0.8 0.8 8.6 0.5 29.0 13:00 ESE 8 19.3 26.9 15:01 13.4 6:53 1.5 2.6 0.0 2.1 22.5 17:09 NNW 9 19.7 26.0 14:25 13.8 7:38 1.2 2.7 0.0 3.7 30.6 16:25 NNW 10 21.4 29.7 15:24 14.9 6:27 0.9 4.0 0.0 1.9 22.5 17:54 NNW 11 21.3 29.6 15:21 14.9 6:55 0.8 3.8 0.0 1.9 25.7 14:31 NW 12 21.9 30.7 16:07 15.4 6:00 0.6 4.2 0.0 1.6 19.3 11:58 NNW 13 22.2 30.3 15:40 15.4 7:22 0.6 4.5 0.0 1.1 16.1 12:29 ESE 14 21.9 30.5 15:58 15.4 4:48 0.6 4.2 0.0 2.3 24.1 17:27 ESE 15 21.2 29.4 13:40 13.7 7:20 1.0 3.9 0.0 1.9 24.1 16:58 NNW 16 21.5 29.5 17:20 14.2 7:17 1.0 4.2 0.0 1.4 17.7 12:55 S 17 23.4 30.3 16:20 18.7 5:50 0.0 5.1 0.0 1.4 22.5 15:50 NNE 18 21.9 29.6 16:00 16.2 6:10 0.3 4.0 0.0 1.6 22.5 14:00 ESE 19 20.6 27.6 13:40 13.6 8:00 1.2 3.4 0.0 2.9 32.2 16:00 NNW 20 16.8 23.7 9:50 13.6 14:20 1.9 0.4 4.4 2.3 29.0 15:20 ESE 21 14.4 18.6 16:30 11.4 00:00 3.9 0.0 2.8 2.3 25.7 13:30 ESE 22 15.8 20.7 16:10 11.4 0:10 2.8 0.4 0.0 1.0 16.1 13:30 ESE 23 17.8 25.6 16:40 12.5 7:20 2.2 1.8 0.0 1.1 14.5 13:00 S 24 17.1 24.6 14:00 10.8 8:20 3.0 1.8 0.0 2.1 24.1 18:00 ESE 25 18.2 25.7 15:50 11.7 5:20 2.2 2.2 0.0 1.0 20.9 13:40 ESE 26 18.2 24.1 16:10 13.9 4:40 1.6 1.5 0.0 1.3 17.7 14:20 NE 27 16.5 22.6 16:40 12.6 23:20 2.6 0.8 0.0 1.4 22.5 10:20 NE 28 15.7 21.5 16:20 12.6 4:00 3.1 0.5 0.0 1.1 14.5 14:50 NNE 29 16.5 22.7 17:00 12.7 0:10 2.7 0.9 0.0 1.3 17.7 12:20 ENE 30 16.7 24.2 16:40 11.5 8:20 3.0 1.4 0.0 1.0 20.9 14:50 ESE ------------------------------------------------------------------------------------- 19.5 30.7 12 10.8 24 45.7 81.3 16.6 1.8 32.2 19 ESE Max >= 32.0: 0 Max <= 0.0: 0 Min <= 0.0: 0 Min <= -18.0: 0 Max Rain: 8.61 ON 07/09/11 Days of Rain: 5 (> .2 mm) 3 (> 2 mm) 0 (> 20 mm) Heat Base: 18.3 Cool Base: 18.3 Method: Integration